 prime factors of f.
2, 5
Let o be (-119)/(-3) + (-12)/18. Suppose 0 = -5*z - 4 + o. List the prime factors of z.
7
Let x(t) = -9*t - 4 + 2 + t**2 + 11*t. What are the prime factors of x(2)?
2, 3
Suppose 13*f - 1060 = 3*f. What are the prime factors of f?
2, 53
Suppose c - k + 56 = 5*c, c - 14 = -2*k. What are the prime factors of c?
2, 7
Suppose 0 = 4*y - 2*y - 6. Suppose -3*l = -0*l - y. Suppose -3*h + l = w, -h + 27 = w + 2*w. What are the prime factors of w?
2, 5
Let h = -31 + 259. What are the prime factors of h?
2, 3, 19
Suppose -z + 4 = z. Suppose -z*g - 8 = -3*g. What are the prime factors of g?
2
Let n be 664/(-72) + 2/9. Let i = 17 + n. What are the prime factors of i?
2
Let z(x) = -x**3 - 11*x**2 - 2*x - 18. List the prime factors of z(-11).
2
Let l = -10 - -20. Let i be 2/(-9) + l/45. Suppose i = p + q - 10, 4*p - q + 6*q = 36. What are the prime factors of p?
2, 7
Let c = 12 + -1. Suppose 0 = 10*g - c*g. Let k = g + 9. What are the prime factors of k?
3
Let s = 13 + -21. Let f(x) = -x - 8. Let z be f(s). Suppose 4*r = -z*r + 12. What are the prime factors of r?
3
Suppose -k + 3 + 0 = 0. Let u be 6 - (0/(-1))/1. Suppose 5*n = -4*i + 30, -k*i - 2*n + 25 = u. List the prime factors of i.
5
Let k(c) = 9*c - 1. Let t be k(4). Suppose 2*v + 1 = t. What are the prime factors of v?
17
Suppose -3*b + 0*b = -27. Let u(m) be the third derivative of m**5/60 - 7*m**4/24 - 13*m**3/6 - 31*m**2. What are the prime factors of u(b)?
5
Suppose -q = 4*q - 10. Suppose 3*u - 5*z - 42 = 0, -5*u + 70 = 3*z + q*z. List the prime factors of u.
2, 7
Suppose -5*x - 138 = 2*h, 3*x - 290 - 55 = 5*h. Let i = -29 - h. Suppose -4*o + 5*f + 40 = 0, i = 4*o - 5*f + 4*f. What are the prime factors of o?
2, 5
Let p be 408/(-52) + (-4)/26. Let w = -8 - 9. Let l = p - w. List the prime factors of l.
3
Let p(m) = -11*m - 9. Let x(z) = 5*z + 4. Let a(y) = -6*p(y) - 13*x(y). Let o be a(-6). Let h = o - -12. List the prime factors of h.
2
Let h be (-2)/1*1 + 40. Suppose 2*x - 4*x - c + 42 = 0, -2*x + h = 3*c. What are the prime factors of x?
2, 11
Suppose 5*j - 150 = -o + 3*j, -5*o + 5*j = -720. What are the prime factors of o?
2, 73
Suppose -6 = -3*g + 6. Let i = 23 + -12. Let q = i - g. What are the prime factors of q?
7
Let y(b) = -99*b - 2. Let z be y(-2). Let f be 4/(-6) + z/6. Suppose -3*v + 5*u - 9 = -25, 2*v = -2*u + f. What are the prime factors of v?
2, 3
List the prime factors of (1*-3)/((-5)/65).
3, 13
Suppose 13*b - 333 = 2280. What are the prime factors of b?
3, 67
Let d be 4/16 + (-38)/(-8). Let i(y) = 2*y**2 + 2*y - 6. List the prime factors of i(d).
2, 3
Suppose x - 4197 = t, -3*x + 5*t = t - 12588. Suppose x = -z - 3*z. List the prime factors of (-2)/13 - z/65.
2
Let q = 8 - 19. What are the prime factors of -1 - -2 - (-8 + q)?
2, 5
Suppose 4*h + 12 = -4*u, -2*u + 3*h - 4*h - 9 = 0. Let c(a) = -3*a - 3. What are the prime factors of c(u)?
3, 5
Suppose 3*d - 16 = -4*r, 4*d + 4*r = -0*r + 20. Let v = 33 + d. What are the prime factors of v?
37
Let s(z) = 3*z**2 + 6*z - 15. Let k be s(6). Let u = k - 84. List the prime factors of u.
3, 5
Let s = 23 - 32. Let c(z) = -5*z**3 + 8*z**2 - 2*z + 6. Let g(u) = u**3 - u + 1. Let h(w) = c(w) + 6*g(w). What are the prime factors of h(s)?
3
Suppose 4*y - 3*h - 59 = 95, 0 = -2*y + 5*h + 84. What are the prime factors of y?
37
Let d(a) be the second derivative of a**5/30 - a**3/6 + a. Let l(z) be the second derivative of d(z). List the prime factors of l(2).
2
What are the prime factors of (-181)/(-4) - 1/4?
3, 5
Let c = 171 - 101. What are the prime factors of c?
2, 5, 7
Let w(z) = -z + 1. Let u be w(2). Suppose 2*i = 4*i + 3*a - 7, -2 = -2*a. List the prime factors of u + i*(-1 + 4).
5
Suppose -f = -4*r - 18 - 36, 5*f + 2*r - 380 = 0. What are the prime factors of f?
2, 37
Let f be (-2)/((-9)/(-10) + -1). Suppose f = o + 13. What are the prime factors of o?
7
What are the prime factors of ((-6)/(-4))/(3*(-3)/(-462))?
7, 11
Suppose 2*s + h - 284 = 6*h, -s = 3*h - 164. List the prime factors of s.
2, 19
Let w(s) = 5*s**3 - 2*s**2 + s. Suppose -4*q + 0 = -3*o + 7, -3*q = 5*o - 2. List the prime factors of w(o).
2
Let s(r) = 5*r - 30. List the prime factors of s(16).
2, 5
Let h be 54 + (2 - (1 - 0)). Suppose -41 - h = -4*n. List the prime factors of n.
2, 3
Let o(q) = -q**3 - 7*q**2 + 9*q - 10. Let m be o(-9). Let n = m - 48. What are the prime factors of n?
23
Suppose -11*k + 1232 = -0*k. List the prime factors of k.
2, 7
Let q(y) = -3*y + 4. Let x(u) = 1. Let g(o) = -q(o) + 2*x(o). What are the prime factors of g(7)?
19
Suppose -5*w + 20 = 5*l, 0 = 2*l - 3*w - 2 - 1. Suppose z + 48 = l*z. What are the prime factors of z?
2, 3
Let o(n) = n**3 - 7*n**2 - 8*n + 8. What are the prime factors of o(8)?
2
Suppose 2*z = 17 + 3. Let w be z/(-25) - (-42)/5. Suppose 5*u + w*c = 3*c + 85, 50 = 3*u + 2*c. List the prime factors of u.
2
Let a = 87 - 62. Let j = a + -13. List the prime factors of j.
2, 3
Let i(b) = -2*b - 2*b + 1 + 2*b**2 + 3*b + 0*b**2. Let k be i(1). List the prime factors of (2/(-4))/(k/(-36)).
3
Suppose 8*s - 4*s = 0. Let b(h) = -h**2 + h. Let z be b(s). What are the prime factors of -1*(-11 - 1 - z)?
2, 3
Let r(k) = k**3 - 9*k**2 - 10*k + 5. Let v be r(10). Suppose -5*c + 8 = -3*t - t, v*t + 3*c = 27. Suppose 0 = 2*w + t*w - 55. List the prime factors of w.
11
Let o be 6/(-8)*(4 - -4). Let n be ((-3)/1)/((-9)/o). List the prime factors of (-24)/n - (2 - 0).
2, 5
Let j(y) = 12*y + 1. Let t be j(-8). Let m = -37 - t. List the prime factors of m.
2, 29
Let i(n) = -20*n - 2. What are the prime factors of i(-3)?
2, 29
Let a be -3*(-2)/(-5 + -1). What are the prime factors of 1/(a - 14/(-12))?
2, 3
Let q(t) = -t**3 - 2*t**2 + 2*t + 1. Let o be q(-3). Suppose 14 = 3*y - 5*h, 3*y + o*h + 17 = 76. Let z = y + 7. List the prime factors of z.
2, 5
Let f = 22 - 0. List the prime factors of f.
2, 11
Let n(x) = x + 6. Let q be n(-4). Suppose 0*a = -a + 5*y - 11, -8 = a - 4*y. List the prime factors of 3/(9/a - q).
2, 3
Suppose 0 = v + 3*v - 92. List the prime factors of v.
23
Suppose 2*t + 145 = 7*t. List the prime factors of t.
29
Let i be (-4)/3*(-3)/2. Suppose 0 = -i*d + 5*h + 1, 4*h = -3*d + 10 + 3. Suppose q + 11 = 2*f - 9, f + d*q = 10. List the prime factors of f.
2, 5
Suppose 4*h - n - 21 = 0, -3*h + 0*n = 2*n - 2. Suppose -h*p - 9 = 55. Let l = -10 - p. List the prime factors of l.
2, 3
Suppose 2*l - 32 = 2*i - 0*i, 5*l + i = 92. Let v be 1/2 + l/(-4). What are the prime factors of (v + 1)*(-8 - -4)?
2, 3
Let o(w) = -4*w + 7. List the prime factors of o(-6).
31
Suppose 16 = -5*n - 14. Let j(t) = -t - 6. Let z be j(n). Suppose z = -5*u + 2*u + 30. What are the prime factors of u?
2, 5
Let c(b) = b**3 - 4*b**2 - 16*b - 7. What are the prime factors of c(7)?
2, 7
Suppose 0 = 2*g + 5 - 19. Suppose g - 5 = v. What are the prime factors of v?
2
Let d be -4*((-3)/6 + 0). Suppose -a - 4*x + 10 = 0, d*x = -5*a - 0 + 14. List the prime factors of 7/(-3)*(-6)/a.
7
Suppose 2 - 4 = -q. Suppose 5*d + 5*w = 23 + 57, 0 = q*d + 3*w - 34. List the prime factors of d.
2, 7
Let f(c) = -4*c + 1. Let a(d) = -5*d + 1. Let z(o) = 3*a(o) - 4*f(o). Let x be z(0). What are the prime factors of (8 + 0)/(1 - x)?
2
Suppose -w - 4*c - 30 = c, -5*w + 5*c = 0. What are the prime factors of ((-3)/w)/((-5)/(-25))?
3
Suppose m - 4*m - 1 = -z, -20 = -4*m. What are the prime factors of z?
2
Let w(q) = q**3 + q**2 - 2. Let c be w(-2). Let j = c - -18. What are the prime factors of j?
2, 3
Let y(k) = k - 14. Let w be y(0). Let u be (w/(-8))/(1/8). List the prime factors of 2/(-3) - u/(-3).
2
Suppose -5*i - 2*c + 47 = 0, 1 = c - 0. What are the prime factors of i?
3
Let v(z) = -z**2 - 6 + z + 2*z + 5*z. What are the prime factors of v(5)?
3
Suppose 25 = -h + 5*y, 0*h - y = h - 5. Let d be h - (-7)/((-21)/(-60)). What are the prime factors of -7 + 4 + 1 + d?
2, 3
What are the prime factors of (-143 + -4 - -4)/(-1)?
11, 13
Let c(z) = -7*z - 3. What are the prime factors of c(-3)?
2, 3
Suppose 0 = -0*n + 4*n - 4. Let q(f) = -f**3 + f**2 - f + 4. Let c(o) = -o**3 + 2*o**2 - 2*o + 7. Let a(z) = 4*c(z) - 7*q(z). List the prime factors of a(n).
3
Let k = -9 + 15. What are the prime factors of k?
2, 3
Suppose 4*h - 200 = v, -h = -3*h + 3*v + 100. Suppose -3*k - 